{"id":1081,"date":"2022-05-03T18:49:23","date_gmt":"2022-05-03T16:49:23","guid":{"rendered":"https:\/\/majolietruffe.fr\/?post_type=product&#038;p=1081"},"modified":"2023-03-14T10:11:55","modified_gmt":"2023-03-14T09:11:55","slug":"mug-mom","status":"publish","type":"product","link":"https:\/\/majolietruffe.fr\/index.php\/produit\/mug-mom\/","title":{"rendered":"Mug Mom\/Dad"},"content":{"rendered":"<p>Envie de bien d\u00e9marrer la journ\u00e9e ? Le <strong>mug Mom\/Dad<\/strong> est id\u00e9al pour boire vos boissons chaudes. Pratique et r\u00e9sistant, il r\u00e9siste au <strong>lave-vaisselle<\/strong> et au <strong>micro-ondes.<\/strong><\/p>\n<p>Le type d&rsquo;impression utilis\u00e9 est la sublimation. Cette technique d\u2019impression est utilis\u00e9e pour les supports rigides et permet un <strong>rendu brillant<\/strong> et <strong>r\u00e9sistant aux lavages.<\/strong><\/p>\n<p>Le d\u00e9lai de livraison est de <strong>10 \u00e0 15 jours environ,<\/strong> selon le stock disponible.<\/p>\n<p>Envie d&rsquo;un <strong>thermos <\/strong>pour garder votre boisson au chaud ? D\u00e9couvrez \u00e9galement le <a href=\"https:\/\/majolietruffe.fr\/index.php\/produit\/thermos-mom-dad\/\"><strong>thermos Mom<\/strong><\/a>.<br \/>\nLes mugs sont \u00e9galement personnalisables avec le portrait de votre animal : <a href=\"https:\/\/majolietruffe.fr\/index.php\/produit\/mug-blanc\/\">Mug Blanc \u00e0 personnaliser.<\/a><\/p>\n<p>Des questions ? Contactez-moi via le formulaire <a href=\"https:\/\/majolietruffe.fr\/index.php\/contact\/\">Contact<\/a> ou par mail : <a href=\"mailto:contact@majolietruffe.fr\">contact@majolietruffe.fr<\/a><\/p>\n<p>&nbsp;<\/p>\n","protected":false},"excerpt":{"rendered":"<ul>\n<li>Hauteur 9,5 cm&nbsp;<\/li>\n<li>Diam\u00e8tre 8 cm<\/li>\n<li>Contenance 30 cl<\/li>\n<li>Passe au lave-vaisselle et au micro-ondes<\/li>\n<\/ul>\n","protected":false},"featured_media":1090,"comment_status":"open","ping_status":"closed","template":"","meta":{"site-sidebar-layout":"default","site-content-layout":"boxed-container","ast-site-content-layout":"default","site-content-style":"default","site-sidebar-style":"default","ast-global-header-display":"","ast-banner-title-visibility":"","ast-main-header-display":"","ast-hfb-above-header-display":"","ast-hfb-below-header-display":"","ast-hfb-mobile-header-display":"","site-post-title":"","ast-breadcrumbs-content":"","ast-featured-img":"","footer-sml-layout":"","ast-disable-related-posts":"","theme-transparent-header-meta":"default","adv-header-id-meta":"","stick-header-meta":"","header-above-stick-meta":"","header-main-stick-meta":"","header-below-stick-meta":"","astra-migrate-meta-layouts":"default","ast-page-background-enabled":"default","ast-page-background-meta":{"desktop":{"background-color":"var(--ast-global-color-4)","background-image":"","background-repeat":"repeat","background-position":"center center","background-size":"auto","background-attachment":"scroll","background-type":"","background-media":"","overlay-type":"","overlay-color":"","overlay-opacity":"","overlay-gradient":""},"tablet":{"background-color":"","background-image":"","background-repeat":"repeat","background-position":"center center","background-size":"auto","background-attachment":"scroll","background-type":"","background-media":"","overlay-type":"","overlay-color":"","overlay-opacity":"","overlay-gradient":""},"mobile":{"background-color":"","background-image":"","background-repeat":"repeat","background-position":"center center","background-size":"auto","background-attachment":"scroll","background-type":"","background-media":"","overlay-type":"","overlay-color":"","overlay-opacity":"","overlay-gradient":""}},"ast-content-background-meta":{"desktop":{"background-color":"var(--ast-global-color-5)","background-image":"","background-repeat":"repeat","background-position":"center center","background-size":"auto","background-attachment":"scroll","background-type":"","background-media":"","overlay-type":"","overlay-color":"","overlay-opacity":"","overlay-gradient":""},"tablet":{"background-color":"var(--ast-global-color-5)","background-image":"","background-repeat":"repeat","background-position":"center center","background-size":"auto","background-attachment":"scroll","background-type":"","background-media":"","overlay-type":"","overlay-color":"","overlay-opacity":"","overlay-gradient":""},"mobile":{"background-color":"var(--ast-global-color-5)","background-image":"","background-repeat":"repeat","background-position":"center center","background-size":"auto","background-attachment":"scroll","background-type":"","background-media":"","overlay-type":"","overlay-color":"","overlay-opacity":"","overlay-gradient":""}},"ngg_post_thumbnail":0},"product_cat":[35],"product_tag":[43],"yoast_head":"<!-- This site is optimized with the Yoast SEO plugin v24.4 - https:\/\/yoast.com\/wordpress\/plugins\/seo\/ -->\n<title>Mug Mom\/Dad - Ma Jolie Truffe<\/title>\n<meta name=\"description\" content=\"Envie de bien d\u00e9marrer la journ\u00e9e ? Le mug Mom\/Dad est id\u00e9al pour boire vos boissons chaudes. Il r\u00e9siste au lave-vaisselle et au micro-ondes.\" \/>\n<meta name=\"robots\" content=\"index, follow, max-snippet:-1, max-image-preview:large, max-video-preview:-1\" \/>\n<link rel=\"canonical\" href=\"https:\/\/majolietruffe.fr\/index.php\/produit\/mug-mom\/\" \/>\n<meta property=\"og:locale\" content=\"fr_FR\" \/>\n<meta property=\"og:type\" content=\"article\" \/>\n<meta property=\"og:title\" content=\"Mug Mom\/Dad - Ma Jolie Truffe\" \/>\n<meta property=\"og:description\" content=\"Envie de bien d\u00e9marrer la journ\u00e9e ? Le mug Mom\/Dad est id\u00e9al pour boire vos boissons chaudes. Il r\u00e9siste au lave-vaisselle et au micro-ondes.\" \/>\n<meta property=\"og:url\" content=\"https:\/\/majolietruffe.fr\/index.php\/produit\/mug-mom\/\" \/>\n<meta property=\"og:site_name\" content=\"Ma Jolie Truffe\" \/>\n<meta property=\"article:modified_time\" content=\"2023-03-14T09:11:55+00:00\" \/>\n<meta property=\"og:image\" content=\"https:\/\/majolietruffe.fr\/wp-content\/uploads\/2022\/05\/Mug_Mockup_v1_1.jpg\" \/>\n\t<meta property=\"og:image:width\" content=\"1640\" \/>\n\t<meta property=\"og:image:height\" content=\"1640\" \/>\n\t<meta property=\"og:image:type\" content=\"image\/jpeg\" \/>\n<meta name=\"twitter:card\" content=\"summary_large_image\" \/>\n<meta name=\"twitter:label1\" content=\"Dur\u00e9e de lecture estim\u00e9e\" \/>\n\t<meta name=\"twitter:data1\" content=\"1 minute\" \/>\n<script type=\"application\/ld+json\" class=\"yoast-schema-graph\">{\"@context\":\"https:\/\/schema.org\",\"@graph\":[{\"@type\":\"WebPage\",\"@id\":\"https:\/\/majolietruffe.fr\/index.php\/produit\/mug-mom\/\",\"url\":\"https:\/\/majolietruffe.fr\/index.php\/produit\/mug-mom\/\",\"name\":\"Mug Mom\/Dad - Ma Jolie Truffe\",\"isPartOf\":{\"@id\":\"https:\/\/majolietruffe.fr\/#website\"},\"primaryImageOfPage\":{\"@id\":\"https:\/\/majolietruffe.fr\/index.php\/produit\/mug-mom\/#primaryimage\"},\"image\":{\"@id\":\"https:\/\/majolietruffe.fr\/index.php\/produit\/mug-mom\/#primaryimage\"},\"thumbnailUrl\":\"https:\/\/majolietruffe.fr\/wp-content\/uploads\/2022\/05\/Mug_Mockup_v1_1.jpg\",\"datePublished\":\"2022-05-03T16:49:23+00:00\",\"dateModified\":\"2023-03-14T09:11:55+00:00\",\"description\":\"Envie de bien d\u00e9marrer la journ\u00e9e ? Le mug Mom\/Dad est id\u00e9al pour boire vos boissons chaudes. Il r\u00e9siste au lave-vaisselle et au micro-ondes.\",\"breadcrumb\":{\"@id\":\"https:\/\/majolietruffe.fr\/index.php\/produit\/mug-mom\/#breadcrumb\"},\"inLanguage\":\"fr-FR\",\"potentialAction\":[{\"@type\":\"ReadAction\",\"target\":[\"https:\/\/majolietruffe.fr\/index.php\/produit\/mug-mom\/\"]}]},{\"@type\":\"ImageObject\",\"inLanguage\":\"fr-FR\",\"@id\":\"https:\/\/majolietruffe.fr\/index.php\/produit\/mug-mom\/#primaryimage\",\"url\":\"https:\/\/majolietruffe.fr\/wp-content\/uploads\/2022\/05\/Mug_Mockup_v1_1.jpg\",\"contentUrl\":\"https:\/\/majolietruffe.fr\/wp-content\/uploads\/2022\/05\/Mug_Mockup_v1_1.jpg\",\"width\":1640,\"height\":1640},{\"@type\":\"BreadcrumbList\",\"@id\":\"https:\/\/majolietruffe.fr\/index.php\/produit\/mug-mom\/#breadcrumb\",\"itemListElement\":[{\"@type\":\"ListItem\",\"position\":1,\"name\":\"Accueil\",\"item\":\"https:\/\/majolietruffe.fr\/\"},{\"@type\":\"ListItem\",\"position\":2,\"name\":\"Boutique\",\"item\":\"https:\/\/majolietruffe.fr\/index.php\/boutique-dillustrations-et-objets-personnalises\/\"},{\"@type\":\"ListItem\",\"position\":3,\"name\":\"Mug Mom\/Dad\"}]},{\"@type\":\"WebSite\",\"@id\":\"https:\/\/majolietruffe.fr\/#website\",\"url\":\"https:\/\/majolietruffe.fr\/\",\"name\":\"Ma Jolie Truffe\",\"description\":\"Portraits &amp; objets personnalis\u00e9s\",\"publisher\":{\"@id\":\"https:\/\/majolietruffe.fr\/#organization\"},\"potentialAction\":[{\"@type\":\"SearchAction\",\"target\":{\"@type\":\"EntryPoint\",\"urlTemplate\":\"https:\/\/majolietruffe.fr\/?s={search_term_string}\"},\"query-input\":{\"@type\":\"PropertyValueSpecification\",\"valueRequired\":true,\"valueName\":\"search_term_string\"}}],\"inLanguage\":\"fr-FR\"},{\"@type\":\"Organization\",\"@id\":\"https:\/\/majolietruffe.fr\/#organization\",\"name\":\"Ma Jolie Truffe\",\"url\":\"https:\/\/majolietruffe.fr\/\",\"logo\":{\"@type\":\"ImageObject\",\"inLanguage\":\"fr-FR\",\"@id\":\"https:\/\/majolietruffe.fr\/#\/schema\/logo\/image\/\",\"url\":\"https:\/\/majolietruffe.fr\/wp-content\/uploads\/2022\/01\/cropped-logo-04.png\",\"contentUrl\":\"https:\/\/majolietruffe.fr\/wp-content\/uploads\/2022\/01\/cropped-logo-04.png\",\"width\":620,\"height\":620,\"caption\":\"Ma Jolie Truffe\"},\"image\":{\"@id\":\"https:\/\/majolietruffe.fr\/#\/schema\/logo\/image\/\"}}]}<\/script>\n<!-- \/ Yoast SEO plugin. -->","yoast_head_json":{"title":"Mug Mom\/Dad - Ma Jolie Truffe","description":"Envie de bien d\u00e9marrer la journ\u00e9e ? Le mug Mom\/Dad est id\u00e9al pour boire vos boissons chaudes. Il r\u00e9siste au lave-vaisselle et au micro-ondes.","robots":{"index":"index","follow":"follow","max-snippet":"max-snippet:-1","max-image-preview":"max-image-preview:large","max-video-preview":"max-video-preview:-1"},"canonical":"https:\/\/majolietruffe.fr\/index.php\/produit\/mug-mom\/","og_locale":"fr_FR","og_type":"article","og_title":"Mug Mom\/Dad - Ma Jolie Truffe","og_description":"Envie de bien d\u00e9marrer la journ\u00e9e ? Le mug Mom\/Dad est id\u00e9al pour boire vos boissons chaudes. Il r\u00e9siste au lave-vaisselle et au micro-ondes.","og_url":"https:\/\/majolietruffe.fr\/index.php\/produit\/mug-mom\/","og_site_name":"Ma Jolie Truffe","article_modified_time":"2023-03-14T09:11:55+00:00","og_image":[{"width":1640,"height":1640,"url":"https:\/\/majolietruffe.fr\/wp-content\/uploads\/2022\/05\/Mug_Mockup_v1_1.jpg","type":"image\/jpeg"}],"twitter_card":"summary_large_image","twitter_misc":{"Dur\u00e9e de lecture estim\u00e9e":"1 minute"},"schema":{"@context":"https:\/\/schema.org","@graph":[{"@type":"WebPage","@id":"https:\/\/majolietruffe.fr\/index.php\/produit\/mug-mom\/","url":"https:\/\/majolietruffe.fr\/index.php\/produit\/mug-mom\/","name":"Mug Mom\/Dad - Ma Jolie Truffe","isPartOf":{"@id":"https:\/\/majolietruffe.fr\/#website"},"primaryImageOfPage":{"@id":"https:\/\/majolietruffe.fr\/index.php\/produit\/mug-mom\/#primaryimage"},"image":{"@id":"https:\/\/majolietruffe.fr\/index.php\/produit\/mug-mom\/#primaryimage"},"thumbnailUrl":"https:\/\/majolietruffe.fr\/wp-content\/uploads\/2022\/05\/Mug_Mockup_v1_1.jpg","datePublished":"2022-05-03T16:49:23+00:00","dateModified":"2023-03-14T09:11:55+00:00","description":"Envie de bien d\u00e9marrer la journ\u00e9e ? Le mug Mom\/Dad est id\u00e9al pour boire vos boissons chaudes. Il r\u00e9siste au lave-vaisselle et au micro-ondes.","breadcrumb":{"@id":"https:\/\/majolietruffe.fr\/index.php\/produit\/mug-mom\/#breadcrumb"},"inLanguage":"fr-FR","potentialAction":[{"@type":"ReadAction","target":["https:\/\/majolietruffe.fr\/index.php\/produit\/mug-mom\/"]}]},{"@type":"ImageObject","inLanguage":"fr-FR","@id":"https:\/\/majolietruffe.fr\/index.php\/produit\/mug-mom\/#primaryimage","url":"https:\/\/majolietruffe.fr\/wp-content\/uploads\/2022\/05\/Mug_Mockup_v1_1.jpg","contentUrl":"https:\/\/majolietruffe.fr\/wp-content\/uploads\/2022\/05\/Mug_Mockup_v1_1.jpg","width":1640,"height":1640},{"@type":"BreadcrumbList","@id":"https:\/\/majolietruffe.fr\/index.php\/produit\/mug-mom\/#breadcrumb","itemListElement":[{"@type":"ListItem","position":1,"name":"Accueil","item":"https:\/\/majolietruffe.fr\/"},{"@type":"ListItem","position":2,"name":"Boutique","item":"https:\/\/majolietruffe.fr\/index.php\/boutique-dillustrations-et-objets-personnalises\/"},{"@type":"ListItem","position":3,"name":"Mug Mom\/Dad"}]},{"@type":"WebSite","@id":"https:\/\/majolietruffe.fr\/#website","url":"https:\/\/majolietruffe.fr\/","name":"Ma Jolie Truffe","description":"Portraits &amp; objets personnalis\u00e9s","publisher":{"@id":"https:\/\/majolietruffe.fr\/#organization"},"potentialAction":[{"@type":"SearchAction","target":{"@type":"EntryPoint","urlTemplate":"https:\/\/majolietruffe.fr\/?s={search_term_string}"},"query-input":{"@type":"PropertyValueSpecification","valueRequired":true,"valueName":"search_term_string"}}],"inLanguage":"fr-FR"},{"@type":"Organization","@id":"https:\/\/majolietruffe.fr\/#organization","name":"Ma Jolie Truffe","url":"https:\/\/majolietruffe.fr\/","logo":{"@type":"ImageObject","inLanguage":"fr-FR","@id":"https:\/\/majolietruffe.fr\/#\/schema\/logo\/image\/","url":"https:\/\/majolietruffe.fr\/wp-content\/uploads\/2022\/01\/cropped-logo-04.png","contentUrl":"https:\/\/majolietruffe.fr\/wp-content\/uploads\/2022\/01\/cropped-logo-04.png","width":620,"height":620,"caption":"Ma Jolie Truffe"},"image":{"@id":"https:\/\/majolietruffe.fr\/#\/schema\/logo\/image\/"}}]}},"jetpack_sharing_enabled":true,"_links":{"self":[{"href":"https:\/\/majolietruffe.fr\/index.php\/wp-json\/wp\/v2\/product\/1081"}],"collection":[{"href":"https:\/\/majolietruffe.fr\/index.php\/wp-json\/wp\/v2\/product"}],"about":[{"href":"https:\/\/majolietruffe.fr\/index.php\/wp-json\/wp\/v2\/types\/product"}],"replies":[{"embeddable":true,"href":"https:\/\/majolietruffe.fr\/index.php\/wp-json\/wp\/v2\/comments?post=1081"}],"wp:featuredmedia":[{"embeddable":true,"href":"https:\/\/majolietruffe.fr\/index.php\/wp-json\/wp\/v2\/media\/1090"}],"wp:attachment":[{"href":"https:\/\/majolietruffe.fr\/index.php\/wp-json\/wp\/v2\/media?parent=1081"}],"wp:term":[{"taxonomy":"product_cat","embeddable":true,"href":"https:\/\/majolietruffe.fr\/index.php\/wp-json\/wp\/v2\/product_cat?post=1081"},{"taxonomy":"product_tag","embeddable":true,"href":"https:\/\/majolietruffe.fr\/index.php\/wp-json\/wp\/v2\/product_tag?post=1081"}],"curies":[{"name":"wp","href":"https:\/\/api.w.org\/{rel}","templated":true}]}}