{"id":1445,"date":"2022-06-12T10:40:14","date_gmt":"2022-06-12T08:40:14","guid":{"rendered":"https:\/\/majolietruffe.fr\/?post_type=product&#038;p=1445"},"modified":"2025-05-04T12:41:55","modified_gmt":"2025-05-04T10:41:55","slug":"petit-panier-a-pompons","status":"publish","type":"product","link":"https:\/\/majolietruffe.fr\/index.php\/produit\/petit-panier-a-pompons\/","title":{"rendered":"Petit panier \u00e0 pompons"},"content":{"rendered":"<p>Besoin d&rsquo;un <strong>panier<\/strong> pour ranger vos petites affaires du quotidien ? Le <strong>petit<\/strong> <strong>panier \u00e0 pompons<\/strong> est fait pour vous !<br \/>\nD&rsquo;une petite contenance, il trouvera facilement sa place dans votre int\u00e9rieur. Il est id\u00e9al pour y stocker quelques jouets, doudous ou encore accessoires. Les paniers sont <strong>100% coton<\/strong> et disposent de poign\u00e9es renforc\u00e9es.<\/p>\n<p>Les <strong>coloris des pompons<\/strong> sont enti\u00e8rement <strong>personnalisables<\/strong>. Vous pouvez choisir dans les mod\u00e8les d&rsquo;exemple ou bien choisir individuellement chaque pompon. Le choix des pompons se fait de la <strong>gauche vers la droite.<br \/>\n<\/strong>Les pompons ainsi que les tailles de panier disponibles sont montr\u00e9s sur les photos. Les pompons sont en<strong> laine acrylique<\/strong> et sont <strong>r\u00e9alis\u00e9s enti\u00e8rement \u00e0 la main<\/strong>. Ils sont donc \u00e0 manipuler avec pr\u00e9caution.<\/p>\n<p>Le d\u00e9lai de livraison est de <strong>2 semaines environ,<\/strong> selon le stock disponible.<\/p>\n<p>Envie d&rsquo;un panier plus grand et plus r\u00e9sistant ? D\u00e9couvrez le <a href=\"https:\/\/majolietruffe.fr\/index.php\/produit\/panier-pompons\/\"><strong>panier \u00e0 pompons.<\/strong><\/a><\/p>\n<p>&nbsp;<\/p>\n","protected":false},"excerpt":{"rendered":"<ul>\n<li>Coloris des pompons au choix<\/li>\n<li>3 tailles disponibles : S (13x10cm) \/ M (16x13cm) \/ taille L (24x19cm)<\/li>\n<li>100% coton 407g\/m2<\/li>\n<li>Nettoyage \u00e0 la main uniquement<\/li>\n<\/ul>\n","protected":false},"featured_media":1454,"comment_status":"open","ping_status":"closed","template":"","meta":{"site-sidebar-layout":"no-sidebar","site-content-layout":"boxed-container","ast-site-content-layout":"default","site-content-style":"default","site-sidebar-style":"default","ast-global-header-display":"","ast-banner-title-visibility":"","ast-main-header-display":"","ast-hfb-above-header-display":"","ast-hfb-below-header-display":"","ast-hfb-mobile-header-display":"","site-post-title":"","ast-breadcrumbs-content":"","ast-featured-img":"","footer-sml-layout":"","ast-disable-related-posts":"","theme-transparent-header-meta":"default","adv-header-id-meta":"","stick-header-meta":"","header-above-stick-meta":"","header-main-stick-meta":"","header-below-stick-meta":"","astra-migrate-meta-layouts":"default","ast-page-background-enabled":"default","ast-page-background-meta":{"desktop":{"background-color":"var(--ast-global-color-4)","background-image":"","background-repeat":"repeat","background-position":"center center","background-size":"auto","background-attachment":"scroll","background-type":"","background-media":"","overlay-type":"","overlay-color":"","overlay-opacity":"","overlay-gradient":""},"tablet":{"background-color":"","background-image":"","background-repeat":"repeat","background-position":"center center","background-size":"auto","background-attachment":"scroll","background-type":"","background-media":"","overlay-type":"","overlay-color":"","overlay-opacity":"","overlay-gradient":""},"mobile":{"background-color":"","background-image":"","background-repeat":"repeat","background-position":"center center","background-size":"auto","background-attachment":"scroll","background-type":"","background-media":"","overlay-type":"","overlay-color":"","overlay-opacity":"","overlay-gradient":""}},"ast-content-background-meta":{"desktop":{"background-color":"var(--ast-global-color-5)","background-image":"","background-repeat":"repeat","background-position":"center center","background-size":"auto","background-attachment":"scroll","background-type":"","background-media":"","overlay-type":"","overlay-color":"","overlay-opacity":"","overlay-gradient":""},"tablet":{"background-color":"var(--ast-global-color-5)","background-image":"","background-repeat":"repeat","background-position":"center center","background-size":"auto","background-attachment":"scroll","background-type":"","background-media":"","overlay-type":"","overlay-color":"","overlay-opacity":"","overlay-gradient":""},"mobile":{"background-color":"var(--ast-global-color-5)","background-image":"","background-repeat":"repeat","background-position":"center center","background-size":"auto","background-attachment":"scroll","background-type":"","background-media":"","overlay-type":"","overlay-color":"","overlay-opacity":"","overlay-gradient":""}},"ngg_post_thumbnail":0},"product_cat":[36],"product_tag":[],"yoast_head":"<!-- This site is optimized with the Yoast SEO plugin v24.4 - https:\/\/yoast.com\/wordpress\/plugins\/seo\/ -->\n<title>Petit panier \u00e0 pompons - Ma Jolie Truffe<\/title>\n<meta name=\"description\" content=\"Besoin d&#039;un panier pour ranger vos affaires ? Le petit panier \u00e0 pompons est fait pour vous ! Id\u00e9al pour y stocker les affaires du quotidien.\" \/>\n<meta name=\"robots\" content=\"index, follow, max-snippet:-1, max-image-preview:large, max-video-preview:-1\" \/>\n<link rel=\"canonical\" href=\"https:\/\/majolietruffe.fr\/index.php\/produit\/petit-panier-a-pompons\/\" \/>\n<meta property=\"og:locale\" content=\"fr_FR\" \/>\n<meta property=\"og:type\" content=\"article\" \/>\n<meta property=\"og:title\" content=\"Petit panier \u00e0 pompons - Ma Jolie Truffe\" \/>\n<meta property=\"og:description\" content=\"Besoin d&#039;un panier pour ranger vos affaires ? Le petit panier \u00e0 pompons est fait pour vous ! Id\u00e9al pour y stocker les affaires du quotidien.\" \/>\n<meta property=\"og:url\" content=\"https:\/\/majolietruffe.fr\/index.php\/produit\/petit-panier-a-pompons\/\" \/>\n<meta property=\"og:site_name\" content=\"Ma Jolie Truffe\" \/>\n<meta property=\"article:modified_time\" content=\"2025-05-04T10:41:55+00:00\" \/>\n<meta property=\"og:image\" content=\"https:\/\/majolietruffe.fr\/wp-content\/uploads\/2022\/06\/IMG_9094.jpg\" \/>\n\t<meta property=\"og:image:width\" content=\"591\" \/>\n\t<meta property=\"og:image:height\" content=\"591\" \/>\n\t<meta property=\"og:image:type\" content=\"image\/jpeg\" \/>\n<meta name=\"twitter:card\" content=\"summary_large_image\" \/>\n<meta name=\"twitter:label1\" content=\"Dur\u00e9e de lecture estim\u00e9e\" \/>\n\t<meta name=\"twitter:data1\" content=\"1 minute\" \/>\n<script type=\"application\/ld+json\" class=\"yoast-schema-graph\">{\"@context\":\"https:\/\/schema.org\",\"@graph\":[{\"@type\":\"WebPage\",\"@id\":\"https:\/\/majolietruffe.fr\/index.php\/produit\/petit-panier-a-pompons\/\",\"url\":\"https:\/\/majolietruffe.fr\/index.php\/produit\/petit-panier-a-pompons\/\",\"name\":\"Petit panier \u00e0 pompons - Ma Jolie Truffe\",\"isPartOf\":{\"@id\":\"https:\/\/majolietruffe.fr\/#website\"},\"primaryImageOfPage\":{\"@id\":\"https:\/\/majolietruffe.fr\/index.php\/produit\/petit-panier-a-pompons\/#primaryimage\"},\"image\":{\"@id\":\"https:\/\/majolietruffe.fr\/index.php\/produit\/petit-panier-a-pompons\/#primaryimage\"},\"thumbnailUrl\":\"https:\/\/majolietruffe.fr\/wp-content\/uploads\/2022\/06\/IMG_9094.jpg\",\"datePublished\":\"2022-06-12T08:40:14+00:00\",\"dateModified\":\"2025-05-04T10:41:55+00:00\",\"description\":\"Besoin d'un panier pour ranger vos affaires ? Le petit panier \u00e0 pompons est fait pour vous ! Id\u00e9al pour y stocker les affaires du quotidien.\",\"breadcrumb\":{\"@id\":\"https:\/\/majolietruffe.fr\/index.php\/produit\/petit-panier-a-pompons\/#breadcrumb\"},\"inLanguage\":\"fr-FR\",\"potentialAction\":[{\"@type\":\"ReadAction\",\"target\":[\"https:\/\/majolietruffe.fr\/index.php\/produit\/petit-panier-a-pompons\/\"]}]},{\"@type\":\"ImageObject\",\"inLanguage\":\"fr-FR\",\"@id\":\"https:\/\/majolietruffe.fr\/index.php\/produit\/petit-panier-a-pompons\/#primaryimage\",\"url\":\"https:\/\/majolietruffe.fr\/wp-content\/uploads\/2022\/06\/IMG_9094.jpg\",\"contentUrl\":\"https:\/\/majolietruffe.fr\/wp-content\/uploads\/2022\/06\/IMG_9094.jpg\",\"width\":591,\"height\":591},{\"@type\":\"BreadcrumbList\",\"@id\":\"https:\/\/majolietruffe.fr\/index.php\/produit\/petit-panier-a-pompons\/#breadcrumb\",\"itemListElement\":[{\"@type\":\"ListItem\",\"position\":1,\"name\":\"Accueil\",\"item\":\"https:\/\/majolietruffe.fr\/\"},{\"@type\":\"ListItem\",\"position\":2,\"name\":\"Boutique\",\"item\":\"https:\/\/majolietruffe.fr\/index.php\/boutique-dillustrations-et-objets-personnalises\/\"},{\"@type\":\"ListItem\",\"position\":3,\"name\":\"Petit panier \u00e0 pompons\"}]},{\"@type\":\"WebSite\",\"@id\":\"https:\/\/majolietruffe.fr\/#website\",\"url\":\"https:\/\/majolietruffe.fr\/\",\"name\":\"Ma Jolie Truffe\",\"description\":\"Portraits &amp; objets personnalis\u00e9s\",\"publisher\":{\"@id\":\"https:\/\/majolietruffe.fr\/#organization\"},\"potentialAction\":[{\"@type\":\"SearchAction\",\"target\":{\"@type\":\"EntryPoint\",\"urlTemplate\":\"https:\/\/majolietruffe.fr\/?s={search_term_string}\"},\"query-input\":{\"@type\":\"PropertyValueSpecification\",\"valueRequired\":true,\"valueName\":\"search_term_string\"}}],\"inLanguage\":\"fr-FR\"},{\"@type\":\"Organization\",\"@id\":\"https:\/\/majolietruffe.fr\/#organization\",\"name\":\"Ma Jolie Truffe\",\"url\":\"https:\/\/majolietruffe.fr\/\",\"logo\":{\"@type\":\"ImageObject\",\"inLanguage\":\"fr-FR\",\"@id\":\"https:\/\/majolietruffe.fr\/#\/schema\/logo\/image\/\",\"url\":\"https:\/\/majolietruffe.fr\/wp-content\/uploads\/2022\/01\/cropped-logo-04.png\",\"contentUrl\":\"https:\/\/majolietruffe.fr\/wp-content\/uploads\/2022\/01\/cropped-logo-04.png\",\"width\":620,\"height\":620,\"caption\":\"Ma Jolie Truffe\"},\"image\":{\"@id\":\"https:\/\/majolietruffe.fr\/#\/schema\/logo\/image\/\"}}]}<\/script>\n<!-- \/ Yoast SEO plugin. -->","yoast_head_json":{"title":"Petit panier \u00e0 pompons - Ma Jolie Truffe","description":"Besoin d'un panier pour ranger vos affaires ? Le petit panier \u00e0 pompons est fait pour vous ! Id\u00e9al pour y stocker les affaires du quotidien.","robots":{"index":"index","follow":"follow","max-snippet":"max-snippet:-1","max-image-preview":"max-image-preview:large","max-video-preview":"max-video-preview:-1"},"canonical":"https:\/\/majolietruffe.fr\/index.php\/produit\/petit-panier-a-pompons\/","og_locale":"fr_FR","og_type":"article","og_title":"Petit panier \u00e0 pompons - Ma Jolie Truffe","og_description":"Besoin d'un panier pour ranger vos affaires ? Le petit panier \u00e0 pompons est fait pour vous ! Id\u00e9al pour y stocker les affaires du quotidien.","og_url":"https:\/\/majolietruffe.fr\/index.php\/produit\/petit-panier-a-pompons\/","og_site_name":"Ma Jolie Truffe","article_modified_time":"2025-05-04T10:41:55+00:00","og_image":[{"width":591,"height":591,"url":"https:\/\/majolietruffe.fr\/wp-content\/uploads\/2022\/06\/IMG_9094.jpg","type":"image\/jpeg"}],"twitter_card":"summary_large_image","twitter_misc":{"Dur\u00e9e de lecture estim\u00e9e":"1 minute"},"schema":{"@context":"https:\/\/schema.org","@graph":[{"@type":"WebPage","@id":"https:\/\/majolietruffe.fr\/index.php\/produit\/petit-panier-a-pompons\/","url":"https:\/\/majolietruffe.fr\/index.php\/produit\/petit-panier-a-pompons\/","name":"Petit panier \u00e0 pompons - Ma Jolie Truffe","isPartOf":{"@id":"https:\/\/majolietruffe.fr\/#website"},"primaryImageOfPage":{"@id":"https:\/\/majolietruffe.fr\/index.php\/produit\/petit-panier-a-pompons\/#primaryimage"},"image":{"@id":"https:\/\/majolietruffe.fr\/index.php\/produit\/petit-panier-a-pompons\/#primaryimage"},"thumbnailUrl":"https:\/\/majolietruffe.fr\/wp-content\/uploads\/2022\/06\/IMG_9094.jpg","datePublished":"2022-06-12T08:40:14+00:00","dateModified":"2025-05-04T10:41:55+00:00","description":"Besoin d'un panier pour ranger vos affaires ? Le petit panier \u00e0 pompons est fait pour vous ! Id\u00e9al pour y stocker les affaires du quotidien.","breadcrumb":{"@id":"https:\/\/majolietruffe.fr\/index.php\/produit\/petit-panier-a-pompons\/#breadcrumb"},"inLanguage":"fr-FR","potentialAction":[{"@type":"ReadAction","target":["https:\/\/majolietruffe.fr\/index.php\/produit\/petit-panier-a-pompons\/"]}]},{"@type":"ImageObject","inLanguage":"fr-FR","@id":"https:\/\/majolietruffe.fr\/index.php\/produit\/petit-panier-a-pompons\/#primaryimage","url":"https:\/\/majolietruffe.fr\/wp-content\/uploads\/2022\/06\/IMG_9094.jpg","contentUrl":"https:\/\/majolietruffe.fr\/wp-content\/uploads\/2022\/06\/IMG_9094.jpg","width":591,"height":591},{"@type":"BreadcrumbList","@id":"https:\/\/majolietruffe.fr\/index.php\/produit\/petit-panier-a-pompons\/#breadcrumb","itemListElement":[{"@type":"ListItem","position":1,"name":"Accueil","item":"https:\/\/majolietruffe.fr\/"},{"@type":"ListItem","position":2,"name":"Boutique","item":"https:\/\/majolietruffe.fr\/index.php\/boutique-dillustrations-et-objets-personnalises\/"},{"@type":"ListItem","position":3,"name":"Petit panier \u00e0 pompons"}]},{"@type":"WebSite","@id":"https:\/\/majolietruffe.fr\/#website","url":"https:\/\/majolietruffe.fr\/","name":"Ma Jolie Truffe","description":"Portraits &amp; objets personnalis\u00e9s","publisher":{"@id":"https:\/\/majolietruffe.fr\/#organization"},"potentialAction":[{"@type":"SearchAction","target":{"@type":"EntryPoint","urlTemplate":"https:\/\/majolietruffe.fr\/?s={search_term_string}"},"query-input":{"@type":"PropertyValueSpecification","valueRequired":true,"valueName":"search_term_string"}}],"inLanguage":"fr-FR"},{"@type":"Organization","@id":"https:\/\/majolietruffe.fr\/#organization","name":"Ma Jolie Truffe","url":"https:\/\/majolietruffe.fr\/","logo":{"@type":"ImageObject","inLanguage":"fr-FR","@id":"https:\/\/majolietruffe.fr\/#\/schema\/logo\/image\/","url":"https:\/\/majolietruffe.fr\/wp-content\/uploads\/2022\/01\/cropped-logo-04.png","contentUrl":"https:\/\/majolietruffe.fr\/wp-content\/uploads\/2022\/01\/cropped-logo-04.png","width":620,"height":620,"caption":"Ma Jolie Truffe"},"image":{"@id":"https:\/\/majolietruffe.fr\/#\/schema\/logo\/image\/"}}]}},"jetpack_sharing_enabled":true,"_links":{"self":[{"href":"https:\/\/majolietruffe.fr\/index.php\/wp-json\/wp\/v2\/product\/1445"}],"collection":[{"href":"https:\/\/majolietruffe.fr\/index.php\/wp-json\/wp\/v2\/product"}],"about":[{"href":"https:\/\/majolietruffe.fr\/index.php\/wp-json\/wp\/v2\/types\/product"}],"replies":[{"embeddable":true,"href":"https:\/\/majolietruffe.fr\/index.php\/wp-json\/wp\/v2\/comments?post=1445"}],"wp:featuredmedia":[{"embeddable":true,"href":"https:\/\/majolietruffe.fr\/index.php\/wp-json\/wp\/v2\/media\/1454"}],"wp:attachment":[{"href":"https:\/\/majolietruffe.fr\/index.php\/wp-json\/wp\/v2\/media?parent=1445"}],"wp:term":[{"taxonomy":"product_cat","embeddable":true,"href":"https:\/\/majolietruffe.fr\/index.php\/wp-json\/wp\/v2\/product_cat?post=1445"},{"taxonomy":"product_tag","embeddable":true,"href":"https:\/\/majolietruffe.fr\/index.php\/wp-json\/wp\/v2\/product_tag?post=1445"}],"curies":[{"name":"wp","href":"https:\/\/api.w.org\/{rel}","templated":true}]}}